s the hundreds digit of 1648?
6
What is the tens digit of 172?
7
What is the tens digit of 9179?
7
What is the tens digit of 533?
3
What is the units digit of 20462?
2
What is the hundreds digit of 2386?
3
What is the hundreds digit of 16751?
7
What is the ten thousands digit of 98963?
9
What is the thousands digit of 23921?
3
What is the thousands digit of 8090?
8
What is the thousands digit of 3961?
3
What is the thousands digit of 125093?
5
What is the units digit of 21991?
1
What is the units digit of 14779?
9
What is the hundreds digit of 606?
6
What is the units digit of 785?
5
What is the hundreds digit of 621?
6
What is the thousands digit of 29918?
9
What is the hundreds digit of 1726?
7
What is the tens digit of 190552?
5
What is the hundreds digit of 57385?
3
What is the thousands digit of 13475?
3
What is the tens digit of 78474?
7
What is the tens digit of 7159?
5
What is the units digit of 18?
8
What is the ten thousands digit of 23446?
2
What is the hundreds digit of 7148?
1
What is the hundreds digit of 906?
9
What is the units digit of 562?
2
What is the units digit of 19039?
9
What is the units digit of 14203?
3
What is the hundreds digit of 57491?
4
What is the hundreds digit of 101259?
2
What is the units digit of 1447?
7
What is the hundreds digit of 18207?
2
What is the tens digit of 776?
7
What is the ten thousands digit of 85076?
8
What is the units digit of 3013?
3
What is the tens digit of 789?
8
What is the units digit of 40594?
4
What is the units digit of 3779?
9
What is the thousands digit of 78509?
8
What is the units digit of 1005?
5
What is the tens digit of 13764?
6
What is the units digit of 8958?
8
What is the units digit of 11276?
6
What is the units digit of 11503?
3
What is the tens digit of 6542?
4
What is the tens digit of 999?
9
What is the thousands digit of 23434?
3
What is the ten thousands digit of 45238?
4
What is the hundreds digit of 776?
7
What is the ten thousands digit of 16216?
1
What is the thousands digit of 1480?
1
What is the tens digit of 694?
9
What is the units digit of 907?
7
What is the ten thousands digit of 25634?
2
What is the thousands digit of 1807?
1
What is the ten thousands digit of 68223?
6
What is the thousands digit of 6528?
6
What is the thousands digit of 1433?
1
What is the tens digit of 78?
7
What is the units digit of 88591?
1
What is the tens digit of 2230?
3
What is the thousands digit of 1046?
1
What is the thousands digit of 10215?
0
What is the tens digit of 41637?
3
What is the units digit of 3041?
1
What is the units digit of 264?
4
What is the ten thousands digit of 94753?
9
What is the tens digit of 7688?
8
What is the units digit of 709?
9
What is the tens digit of 85?
8
What is the units digit of 2492?
2
What is the hundreds digit of 1974?
9
What is the units digit of 691?
1
What is the units digit of 38503?
3
What is the ten thousands digit of 88344?
8
What is the thousands digit of 5063?
5
What is the thousands digit of 43605?
3
What is the hundreds digit of 999?
9
What is the units digit of 14002?
2
What is the hundreds digit of 1509?
5
What is the units digit of 745?
5
What is the thousands digit of 81579?
1
What is the tens digit of 48935?
3
What is the hundreds digit of 524?
5
What is the tens digit of 44515?
1
What is the units digit of 7329?
9
What is the thousands digit of 2294?
2
What is the tens digit of 37364?
6
What is the thousands digit of 4184?
4
What is the hundreds digit of 81113?
1
What is the hundreds digit of 1799?
7
What is the tens digit of 1515?
1
What is the hundreds digit of 3488?
4
What is the hundreds digit of 18732?
7
What is the ten thousands digit of 11594?
1
What is the thousands digit of 30212?
0
What is the thousands digit of 77499?
7
What is the units digit of 80348?
8
What is the ten thousands digit of 87676?
8
What is the tens digit of 3679?
7
What is the tens digit of 2747?
4
What is the hundreds digit of 5836?
8
What is the units digit of 2695?
5
What is the tens digit of 36378?
7
What is the units digit of 716?
6
What is the hundreds digit of 4147?
1
What is the hundreds digit of 471?
4
What is the thousands digit of 1793?
1
What is the units digit of 4610?
0
What is the hundred thousands digit of 170659?
1
What is the ten thousands digit of 41636?
4
What is the thousands digit of 4247?
4
What is the hundreds digit of 844?
8
What is the ten thousands digit of 18542?
1
What is the hundreds digit of 29822?
8
What is the tens digit of 1296?
9
What is the units digit of 3814?
4
What is the hundreds digit of 30373?
3
What is the tens digit of 38762?
6
What is the thousands digit of 2865?
2
What is the thousands digit of 8606?
8
What is the tens digit of 24164?
6
What is the tens digit of 693?
9
What is the units digit of 576?
6
What is the hundreds digit of 7349?
3
What is the hundreds digit of 1492?
4
What is the hundreds digit of 54794?
7
What is the tens digit of 3115?
1
What is the ten thousands digit of 50712?
5
What is the units digit of 149920?
0
What is the tens digit of 899?
9
What is the ten thousands digit of 12737?
1
What is the units digit of 3293?
3
What is the tens digit of 6761?
6
What is the tens digit of 6129?
2
What is the hundreds digit of 197?
1
What is the tens digit of 17357?
5
What is the thousands digit of 4923?
4
What is the units digit of 14964?
4
What is the tens digit of 64784?
8
What is the units digit of 45599?
9
What is the thousands digit of 1273?
1
What is the units digit of 5608?
8
What is the hundreds digit of 18684?
6
What is the hundreds digit of 11351?
3
What is the hundreds digit of 1815?
8
What is the tens digit of 67689?
8
What is the tens digit of 5260?
6
What is the units digit of 43?
3
What is the units digit of 10892?
2
What is the thousands digit of 3736?
3
What is the tens digit of 84628?
2
What is the hundreds digit of 2609?
6
What is the tens digit of 2099?
9
What is the thousands digit of 4005?
4
What is the tens digit of 1191?
9
What is the hundreds digit of 641?
6
What is the thousands digit of 1177?
1
What is the hundreds digit of 5552?
5
What is the hundreds digit of 8120?
1
What is the units digit of 1707?
7
What is the thousands digit of 1996?
1
What is the thousands digit of 6497?
6
What is the thousands digit of 17988?
7
What is the thousands digit of 23718?
3
What is the ten thousands digit of 34611?
3
What is the thousands digit of 1315?
1
What is the tens digit of 3068?
6
What is the hundreds digit of 26156?
1
What is the thousands digit of 1192?
1
What is the tens digit of 64514?
1
What is the units digit of 8211?
1
What is the hundreds digit of 6865?
8
What is the thousands digit of 13336?
3
What is the units digit of 28958?
8
What is the tens digit of 4976?
7
What is the units digit of 391?
1
What is the hundreds digit of 8896?
8
What is the hundreds digit of 692?
6
What is the hundreds digit of 6541?
5
What is the hundreds digit of 32014?
0
What is the tens digit of 2773?
7
What is the tens digit of 1087?
8
What is the tens digit of 649?
4
What is the ten thousands digit of 12551?
1
What is the units digit of 49655?
5
What is the tens digit of 2669?
6
What is the units digit of 4774?
4
What is the hundreds digit of 80987?
9
What is the tens digit of 127311?
1
What is the hundreds digit of 4801?
8
What is the units digit of 547?
7
What is the units digit of 355?
5
What is the thousands digit of 141204?
1
What is the units digit of 13431?
1
What is the hundreds digit of 4163?
1
What is the tens digit of 3852?
5
What is the ten thousands digit of 10450?
1
What is the tens digit of 52292?
9
What is the tens digit of 1605?
0
What is the tens digit of 10637?
3
What is the thousands digit of 6662?
6
What is the tens digit of 65924?
2
What is the units digit of 1172?
2
What is the tens digit of 387?
8
What is the units digit of 2818?
8
What is the ten thousands digit of 11263?
1
What is the units digit of 523?
3
What is the thousands digit of 1082?
1
What is the units digit of 377?
7
What is the thousands digit of 1138?
1
What is the thousands digit of 1784?
1
What is the tens digit of 132867?
6
What is the hundreds digit of 2763?
7
What is the thousands digit of 3318?
3
What is the tens digit of 2581?
8
What is the ten thousands digit of 10226?
1
What is the 